n divisor of 68 and y?
17
Suppose -3*p + 6*s + 25 = 2*s, 0 = 2*p - 2*s - 14. Let o = 76 - 73. What is the greatest common factor of o and p?
3
Suppose -11*i = -14*i + 33. Calculate the greatest common divisor of 209 and i.
11
Let s be 49/14 + (-1)/(-2). Let d be 616/52 + s/26. What is the highest common divisor of d and 36?
12
Suppose -4*w + 118 = u, -4*w - 4*u + 112 = -0*w. Calculate the highest common factor of 12 and w.
6
Let t = -15 + -6. Let h = 35 + t. Let z = h - 2. What is the greatest common factor of 24 and z?
12
Suppose 12*f - 569 = -545. Let o be 20/16 + 2/(-8). Calculate the highest common divisor of o and f.
1
Let r(d) be the first derivative of 23*d**4/2 - d**3/3 - d**2/2 + d - 1. Let j be r(1). Let k = 1840 - 1822. What is the highest common divisor of k and j?
9
Let n(z) = z + 3*z - z - 2*z + 1. Let q be n(0). What is the highest common divisor of q and 4?
1
Suppose -4*l + 11 = -5. Suppose l*a - 10 = 2*a. Suppose 3*r + 3*c - 21 = 6*c, a*c - 5 = 0. Calculate the greatest common divisor of 16 and r.
8
Let v = 12 + 402. Calculate the greatest common divisor of v and 54.
18
Suppose -h - 1 = 2*f - 2, -3*h - 15 = 0. Calculate the highest common divisor of f and 141.
3
Suppose 74*p + 216 = 77*p. What is the greatest common divisor of p and 324?
36
Suppose b + 2*b - 94 = -5*z, -4*z + 62 = -2*b. What is the highest common divisor of 34 and z?
17
Let i(y) = -y**2 + 8*y + 143. Let z be i(16). What is the highest common divisor of z and 435?
15
Let g(v) = -v**3 + 16*v**2 - 17*v + 128. Let m be g(15). Calculate the greatest common factor of 546 and m.
14
Let h = -35 + 62. Suppose 5*m = 3*m. Let f be (-2)/(m + 2) + 10. Calculate the highest common divisor of f and h.
9
Let q be -3*(-1)/(-3)*-4. Suppose d + 25 = q*r, -3*d = r - 4*r + 12. Let p be 1/(-9) - (-7575)/135. Calculate the highest common divisor of p and r.
7
Let y = -35 - -98. Suppose -1 + 3 = 2*w, -8 = -h - w. Calculate the highest common divisor of h and y.
7
Let a = 17 - -1. Suppose 3*y - 4*v = 2*y + 16, -3*v - 39 = -3*y. Calculate the highest common divisor of a and y.
6
Suppose t = r + 403, 13*t - 4*r = 15*t - 836. Calculate the greatest common factor of 18 and t.
6
Let u(i) = -i**3 + 17*i + 56. Let l be u(-5). Calculate the greatest common divisor of 12 and l.
12
Let g(c) = -23*c**3 + c**2 - 35*c - 69. Let s be g(-2). What is the greatest common divisor of s and 56?
7
Suppose -4*a - 3 - 5 = 0. Let h be -15*4*a/(-8). Let y be h/(-4) - 6/(-24). What is the highest common divisor of y and 32?
4
Let n be (10/(-3))/((-20)/3 - -6). Suppose 0 = -j - 3*x + 14, -x = -n*j + 4*x - 10. Calculate the highest common divisor of j and 16.
2
Suppose 3*i - 7 = 2*i. Let x be i/((-14)/4)*-4. Calculate the greatest common factor of 2 and x.
2
Let r = -96 + 144. Let l be ((-2)/1)/(0 - 1). Suppose 0 = -o - 2*k + 16, -3*o - l*k = -0*o - 48. Calculate the highest common divisor of o and r.
16
Let j(b) be the first derivative of -b**4/4 - b**3/3 - 2*b**2 - 10*b - 27. Let a be j(-3). Calculate the highest common factor of 4 and a.
4
Let u be 2 - ((-2 - -2) + -9). Let q be (-3)/(6/(3 + -69)). What is the greatest common divisor of u and q?
11
Suppose -3*j - 2*n = 2*j - 5, 0 = -2*n. Let t be (3 - 4/j)*-4. Suppose 8 = 3*u - t. What is the greatest common factor of 4 and u?
4
Suppose 0 = 105*j - 41*j - 49*j - 45. Suppose 0*v + 8 = v - l, 29 = 3*v + 2*l. Calculate the highest common factor of j and v.
3
Let d be (-2)/(-5) + 6/(-15). Let b be d*(0 + 1)/2. Suppose b*n = -n + 18. What is the greatest common divisor of n and 108?
18
Let o(t) = t + 10. Let f be o(-7). Let v = 4 - 1. Suppose 43 = v*w + 4*p, 5*w - p - 81 = -f*p. What is the greatest common divisor of 119 and w?
17
Let g(u) = 4*u**2 - 11*u + 26. Let l(p) = -9*p**2 + 21*p - 53. Let x(f) = 5*g(f) + 2*l(f). Let q be x(12). Calculate the highest common factor of q and 12.
12
Let n be (112970/15)/11*3/2. What is the highest common factor of 79 and n?
79
Suppose -368 = -5*t + 2*p, 0*t + p - 297 = -4*t. Suppose -t = 6*c - 290. Calculate the greatest common divisor of c and 288.
36
Let w(a) = 3*a - 1. Let f be w(1). Suppose -215*u + 113*u - 238 = -119*u. What is the greatest common factor of u and f?
2
Suppose x = 4*x - 4*q - 56, 0 = 4*x - 3*q - 63. Suppose 4*p + 0*p - x = 0. Suppose 176 = p*z + z. Calculate the greatest common divisor of 11 and z.
11
Let i be (4/3*9)/1. Let b be ((-1800)/35)/(-6) + i/28. Calculate the greatest common divisor of 171 and b.
9
Let n = 15 - 13. Suppose -t = -n*l + 8, 3*t - l = 2*t - 6. Let o be (-1)/t + 839/4. Calculate the highest common factor of o and 21.
21
Suppose 3*i - 339 = 525. Let z(x) = x + 33. Let w be z(3). Calculate the highest common divisor of i and w.
36
Suppose 0 = h - 5, 0 = 2*l - 0*l - 5*h - 461. Let m = -144 + l. Let k be ((-1)/(-7))/((-113)/(-8701)). Calculate the highest common factor of k and m.
11
Let w(k) = -k**2 - 6*k + 19. Let l be w(-5). What is the greatest common divisor of 384 and l?
24
Let o(l) = 5 + 2*l**2 - 3 - 2*l - 1. Let x be o(-3). Calculate the greatest common factor of x and 200.
25
Let w be (3 - 2/(6/15)) + -2. Let h be 354/4 + 42/12 + w. What is the greatest common factor of h and 22?
22
Suppose -750 - 1490 = -16*a. What is the greatest common factor of 80 and a?
20
Let i = 84 + -34. Let v be ((-20)/i)/((-1)/10). What is the highest common divisor of 2 and v?
2
Let h be 1*3741*-8*(-15)/180. Calculate the highest common factor of 58 and h.
58
Let l be 10*(-3)/(-30)*4. Let f(x) = 2*x**3 - 5*x**2 - 3*x - 3. Let m be f(l). What is the greatest common divisor of 3 and m?
3
Suppose -10*r = 3*r - 2236. Suppose -3*v = -6, 3*z = v + r + 42. What is the greatest common divisor of 8 and z?
8
Let d be (2 - -1) + -4 + -2. Let m be 2*1*-15 - d. Let w = m - -38. Calculate the greatest common divisor of 121 and w.
11
Suppose -2*c = 0, 0 = -3*i + 4*i + c - 56. Calculate the greatest common divisor of i and 24.
8
Suppose -4*s + 190 + 74 = 0. Let v(n) = n + 11. Let k be v(-8). Suppose -33 = k*x - 4*x. What is the greatest common factor of s and x?
33
Let o(b) = -b + 11. Let r be o(8). Let u(w) = w - 2. Let q be u(r). Let c be (q - -1)/(14/7). Calculate the highest common divisor of c and 11.
1
Let a(h) = 8*h + 6. Let n be a(0). Suppose -5*i + 61 = u, -2*i + 2*u + 23 = u. Calculate the greatest common divisor of n and i.
6
Let f = 51 + -46. Suppose -4*n = -c - 100, 3*c - f*c = 3*n - 86. What is the greatest common factor of 52 and n?
26
Let z(y) = y**3 + 5*y**2 + 30*y + 220. Let j be z(-6). What is the highest common divisor of j and 150?
2
Let u = -149 - -215. Let g(d) = d**3 - 7*d**2 + 9*d - 7. Let m be g(6). Calculate the highest common factor of u and m.
11
Suppose -248 = -4*g + 82*y - 77*y, 0 = -5*y - 20. What is the highest common factor of g and 19?
19
Suppose -4*i = -2*o + 262, 2*i - i - 5*o = -88. Let w = -41 - i. Suppose -w*x + 30 = -21*x. What is the highest common divisor of 6 and x?
6
Suppose -3*v - 2*v - 5 = 0. Let p(t) = -t**2 - 44*t**3 - 14*t + 3*t**2 + 16*t. Let w be p(v). What is the highest common factor of w and 22?
22
Suppose -14*y + 4*y + 400 = 0. Suppose 4*b = 3*f - 4*f + 46, 4*b - 2*f = y. Calculate the highest common divisor of b and 44.
11
Suppose -1 - 24 = -5*s. Suppose -2*t = -o + s, 2*o - 7 = -2*t + 7*t. Let j = -7576 - -7675. What is the highest common divisor of j and o?
11
Let z be (-2)/2 + 0 - -18. Let b(w) = 20*w + 5. Let n be b(4). Suppose n = -9*a + 14*a. What is the greatest common factor of z and a?
17
Suppose 0 = -3*f - 2*f + 15. Let q be (-5)/(-1) - -1 - 9/3. Calculate the highest common factor of q and f.
3
Let t be ((-2)/(-5))/(27/945). Suppose 3*p + 2*y - 84 = 4*y, p - 28 = 3*y. What is the highest common divisor of p and t?
14
Let v be -4 - 2592/(-8) - -2. What is the highest common factor of v and 46?
46
Suppose 26 = -5*h + 86. Suppose 4*n + 2*o = 5*o + 40, -4*n + 72 = 5*o. Let m = n + -7. What is the highest common factor of h and m?
6
Suppose 4*u = -2*u - 3*u. Suppose u = 4*h - 325 + 17. Calculate the highest common divisor of h and 11.
11
Let j be 0 + 4 + (72 - 66). Suppose 2*t + 4*n = 152, -1 = 4*t - n - 323. Calculate the greatest common divisor of j and t.
10
Let f(q) = -127*q - 3. Suppose 0 = n - a - 6, 7*n - 2*n = -3*a + 6. Let r be f(n). Let d be